se 12, what is 2ab1923 + -17?
2ab1908
In base 10, what is 2 + 83703879?
83703881
In base 5, what is 2000101030 - 1?
2000101024
In base 9, what is -223 + 113575?
113352
In base 8, what is 364 + -37625?
-37241
In base 3, what is 120021000 + 1010210?
121101210
In base 4, what is 2 + 13023020313?
13023020321
In base 16, what is -33c689 - -27?
-33c662
In base 10, what is -1275 - -98690?
97415
In base 8, what is 45 - -154764252?
154764317
In base 5, what is 40 - 2011240031?
-2011234441
In base 2, what is -1100000101001 + -1001110111101?
-10101111100110
In base 4, what is 22120 - -1021221232?
1021310012
In base 14, what is -46 - -6d9262?
6d921a
In base 14, what is -3467 + -219?
-3682
In base 2, what is 10010001 + -10010010111110001?
-10010010101100000
In base 3, what is -21211 + -10002100021200?
-10002100120111
In base 15, what is -35e23a6 + 3?
-35e23a3
In base 10, what is 1090898719 - -1?
1090898720
In base 2, what is 110101100101001001 + 1000001?
110101100110001010
In base 14, what is -673a30 + 1?
-673a2d
In base 6, what is 2445424 + 115504?
3005332
In base 10, what is 5 - 327319?
-327314
In base 5, what is -2102 + -11343301?
-11400403
In base 10, what is 881 - -311320?
312201
In base 7, what is 253600354 - 2?
253600352
In base 3, what is -10 + 2020020200112020?
2020020200112010
In base 5, what is 20012442 - -4012?
20022004
In base 12, what is 103aa5 + -5?
103aa0
In base 14, what is d61 - -57acb?
58a4c
In base 7, what is 10646026 - 2433?
10643263
In base 9, what is 152 + 154410?
154562
In base 14, what is 13d99c02 + 2?
13d99c04
In base 14, what is 5 - 36dd0?
-36dc9
In base 7, what is 1223 - 11111?
-6555
In base 16, what is -179168d - 2?
-179168f
In base 15, what is -616 - 1055?
-166b
In base 7, what is -51113563 + 1?
-51113562
In base 15, what is 723 + -ed2b?
-e608
In base 10, what is -952 - -991?
39
In base 9, what is -1801 - -26376?
24475
In base 6, what is 44103 - -30021?
114124
In base 16, what is 5a341 - -13?
5a354
In base 14, what is -7 - -25bba?
25bb3
In base 13, what is -54 - -557a8?
55754
In base 15, what is c + 52940?
5294c
In base 12, what is -13487434 + -8?
-13487440
In base 16, what is -1bf + 1d6d3?
1d514
In base 11, what is -380786 - -63?
-380723
In base 16, what is -fea - -156e?
584
In base 8, what is -4 - -7043062?
7043056
In base 8, what is -50170625 - -3?
-50170622
In base 13, what is -10 - a59403?
-a59413
In base 12, what is 0 - -1863b94?
1863b94
In base 16, what is d538 + -14?
d524
In base 3, what is 10221221101002101 - -2?
10221221101002110
In base 7, what is -1425 - 1334331?
-1336056
In base 13, what is -342 + 1aa65?
1a723
In base 10, what is -11549455 - -2?
-11549453
In base 10, what is 74963 - -558?
75521
In base 4, what is -202 - 202210121022?
-202210121230
In base 4, what is -2101012 + 22133?
-2012213
In base 12, what is 29b87 + -24b?
29938
In base 9, what is -1 + 176406754?
176406753
In base 5, what is 2003 - 4344431?
-4342423
In base 6, what is -1130242 + -4?
-1130250
In base 10, what is 28017 + -817?
27200
In base 5, what is 21133300 - 14201?
21114044
In base 3, what is 2200 - 120121002122?
-120120222222
In base 15, what is 5 - -400d3d?
400d43
In base 2, what is -110111100001 + -111101000010?
-1110100100011
In base 7, what is 14430 - -6663?
24423
In base 10, what is 642729 - -1?
642730
In base 4, what is 211002 + 11000?
222002
In base 12, what is 26ba98 + 285?
270161
In base 16, what is -3 + -1dd3e46?
-1dd3e49
In base 4, what is 223332013 - 3031?
223322322
In base 2, what is 0 - -10110010110111001101111?
10110010110111001101111
In base 3, what is -210210111 + 10022020?
-200111021
In base 11, what is -71741 - -86?
-71666
In base 2, what is -1001010111110 + -101001110?
-1010000001100
In base 13, what is -3 - 179a82c?
-179a832
In base 2, what is 110 + 1100000101011000000110000?
1100000101011000000110110
In base 2, what is -10001100011110000101100 + 101?
-10001100011110000100111
In base 10, what is 190 + 28978?
29168
In base 2, what is -1010111100 + -1100110100?
-10111110000
In base 13, what is c446 + -38c?
c087
In base 15, what is 8 - 7c53771?
-7c53768
In base 9, what is -14885645 + -4?
-14885650
In base 16, what is -48 - 145d?
-14a5
In base 8, what is -500 + -1245301?
-1246001
In base 9, what is 16258 + 850?
17218
In base 10, what is 9943 + -1893?
8050
In base 10, what is -10 + 15148660?
15148650
In base 2, what is -11100011110100101 + -1101100101?
-11100101100001010
In base 8, what is -1 + -1205525051?
-1205525052
In base 15, what is -85 - -b82e?
b799
In base 6, what is -10234504441 + -5?
-10234504450
In base 15, what is -687c5 - -c5?
-68700
In base 7, what is -1 - 301356410?
-301356411
In base 6, what is 451001 - 12454?
434103
In base 9, what is -465 - 163234?
-163710
In base 2, what is 111111001101101010 + -1111001111101?
111101010011101101
In base 5, what is 1112213 - -30310?
1143023
In base 14, what is 322 - -1121?
1443
In base 11, what is -2431 + 30a6?
775
In base 14, what is -639815 + -5?
-63981a
In base 12, what is -37668b1 - 1?
-37668b2
In base 16, what is 0 - -5af23f?
5af23f
In base 7, what is 21 + 52520341?
52520362
In base 9, what is -3 + -261647?
-261651
In base 3, what is -12 - 100000211222022?
-100000211222111
In base 2, what is -11000001 + -100110001110101?
-100110100110110
In base 11, what is 17 - -4079138?
4079154
In base 10, what is -2566850 + 1?
-2566849
In base 4, what is 10230303 - 3002?
10221301
In base 9, what is -50 - 312455?
-312515
In base 9, what is 2136 - 6151?
-4014
In base 4, what is -21 + 1003302200?
1003302113
In base 5, what is -4011433 - 2334?
-4014322
In base 13, what is 149ca47 + 4?
149ca4b
In base 2, what is 1001000111010000110000011 + -110000?
1001000111010000101010011
In base 3, what is 101012 - -2112020210?
2112121222
In base 8, what is 66 - 547075?
-547007
In base 3, what is 20 - -201210110120021?
201210110120111
In base 14, what is -21 + -a9acba?
-a9acdb
In base 7, what is -252241 + 5060?
-244151
In base 4, what is 130 + -121020133212?
-121020133022
In base 11, what is -a39875 + 46?
-a3982a
In base 5, what is -20003 + 23224320?
23204312
In base 8, what is 11504114 + -5?
11504107
In base 13, what is 57205 - -2a20?
59c25
In base 2, what is -100010100111010001111010 + 11?
-100010100111010001110111
In base 5, what is 343334041 + 31?
343334122
In base 16, what is 24 - ef72?
-ef4e
In base 12, what is -475 - -52920?
52467
In base 3, what is -112 + -210210100112?
-210210101001
In base 10, what is -161758 - 4?
-161762
In base 15, what is 269da - 12?
269c8
In base 16, what is -b90a + 6?
-b904
In base 14, what is -764141 + 13a?
-764005
In base 8, what is -52417260 - -11?
-52417247
In base 13, what is 171 + -222267?
-2220c6
In base 13, what is -26 - -690381?
690358
In base 14, what is -590c + 776d?
1c61
In base 9, what is -2418348 - -1?
-2418347
In base 4, what is 111001323321 - -3?
111001323330
In base 9, what is 408 - -366762?
367271
In base 15, what is -1094a - 902?
-1134c
In base 12, what is -3422 + -229a?
-5700
In base 7, what is 20310 - 1410?
15600
In base 14, what is 1a87992 + 2?
1a87994
In base 6, what is 1241455053 - 5?
1241455044
In base 7, what is -13500601 - 5?
-13500606
In base 8, what is -367206 + 246?
-366740
In base 4, what is 202 + -121030?
-120222
In base 11, what is -114908564 + 4?
-114908560
In base 3, what is 12000101 - 20010001?
-1002200
In base 11, what is 2 + -424941?
-42493a
In base 6, what is 100354 + -4135?
52215
In base 4, what is -1210320 + -20012232?
-21223212
In base 6, what is 14332021 - 502?
14331115
In base 14, what is 2448723 + 0?
2448723
In base 2, what is 111011101110011 + -101110000?
111011000000011
In base 7, what is 164 - -610103?
610300
In base 11, what is -1229a + -a70?
-1325a
In base 7, what is 105300260 + -3?
105300254
In base 10, what is -131275675 - -2?
-131275673
In base 10, what is 137882 + 24?
137906
In base 2, what is -10100000 - 100000101001111?
-100000111101111
In base 12, what is 63aa4 + -39?
63a67
In base 10, what is 26073 + -233?
25840
In base 10, what is 87 - 669029?
-668942
In base 4, what is -120301 - -11300203?
11113302
In base 9, what is -6 - 6218761?
-6218767
In base 7, what is -3001 + -414232?
-420233
In base 4, what is 2222101303 - 1012?
2222100231
In base 7, what is -2 - 1441013113?
-1441013115
In base 14, what is -9b98c2 -